= 2*x + 215*x**3 + 204*x**3 - 418*x**3 + 15 - 6*x**2. Let j be l(c). Give r(j).
-3
Let v be 50/(-26) - 8/104. Let w(t) = 6*t**2 + 6*t - 2. What is w(v)?
10
Let v(q) be the third derivative of -q**6/120 + q**5/15 + q**4/4 + 2*q**3/3 + 942*q**2 - 2*q. Calculate v(6).
-32
Let b(z) = 7*z**2 - 16*z - 13. Let u(l) be the third derivative of -l**5/3 + 47*l**4/24 + 6*l**3 + 3*l**2 - 9. Let w(n) = -17*b(n) - 6*u(n). What is w(9)?
-4
Let f(w) = -3*w - w**2 - 24 + 52 - 31. Suppose o = -1 + 5. Suppose -3*y = 2*q + 8, o*y + 7 = 4*q + 3. Determine f(y).
-1
Suppose 0 = -4*q + 3 + 13. Let o(g) = g**2 - 3*g - 1. Let l be o(q). Let x be (9 + 0)/l + 3. Let m(w) = 3*w - 8. What is m(x)?
10
Let k be ((-6)/(24/(-14)) - 6)*2. Let c(o) = -16*o + 2. Let s(q) = -6*q + 1. Let l(r) = k*s(r) + 2*c(r). Calculate l(4).
-9
Let t(v) = 4 - v - 6*v**2 + 6*v - 2 + v**3 + 5. Suppose -2*w = -4 - 6. What is t(w)?
7
Let w(l) = l**3 + 0 + 6 - 62*l**2 + 102*l**2 - 40*l**2. Suppose u + 4 = 4*z, 2*z - 5 = 4*u - 3*z. Calculate w(u).
6
Let o be (1/(9/114))/(158/(-237)). Let q(l) = l + 45. Determine q(o).
26
Let b(x) = 0*x**2 - 26 + 2*x - 6*x + 17 + x**3 - 3*x**2. Let v be b(4). Let u(l) = 0*l**2 + 1 + 10*l**2 + 8*l + 1 + l**3. Determine u(v).
11
Let f(g) = g**3 + 4*g**2 + 1. Let m = 3193 + -3195. Give f(m).
9
Let j(o) = 6*o**3 + 2*o**3 - 7 - 7*o**2 - 11*o + 23 - o**3. Let s(b) = 11*b**3 - 10*b**2 - 16*b + 24. Let z(t) = -8*j(t) + 5*s(t). What is z(7)?
-1
Let q(i) = -13 - 3*i + 7081*i**2 - 7085*i**2 + 19 + i**3. What is q(4)?
-6
Let l(u) be the second derivative of -u**4/12 + 11*u**3/6 - 6*u**2 - 5*u. Let i be (-3)/((-9)/15) - (-15 - -2). Suppose -11*a + 92 = -i. Give l(a).
-2
Let l(y) = y**3 - 2*y**2 + y - 11. Let v be l(-3). Let z = -52 - v. Let m(n) = -n**3 + 7*n**2 - n + 3. What is m(z)?
-4
Let m(b) = -11*b**3 - 6*b**2 + 2*b - 2. Let v(g) = 5*g**3 + g**2 - 2*g + 1. Let u(f) = -m(f) - 2*v(f). Determine u(-4).
-8
Let n(a) = -4 - 13 + 10 + 14 + 26*a. Let g(d) = -12*d - 4. Let v(b) = 5*g(b) + 3*n(b). Determine v(1).
19
Let c = -2955 + 2962. Let r(b) be the third derivative of -b**5/60 + b**4/4 + 4*b**3/3 + 5*b**2. What is r(c)?
1
Let t be 3 + (-187)/(-99) + (-9)/(-81). Let r(q) = -6*q - 27. Give r(t).
-57
Let g(f) = 31*f + 108. Let i(n) = -36*n - 103. Let b(j) = -5*g(j) - 4*i(j). Give b(-13).
15
Suppose -4*b + 15 = -b. Suppose -b*i - 16*i + 105 = 0. Let r(g) = -4*g + 4. Calculate r(i).
-16
Let z(h) = 1 + 7*h**2 - 4 - 6*h**2 - 2 + 0 + 2*h. Let d = -9 - -5. Calculate z(d).
3
Suppose -4 = -2*t + 4, 4*t = -4*f + 12. Suppose -4*n + v + 137 = 0, 0 = -2*n - 9*v + 13*v + 86. Let w(k) = n*k - 10*k - 1 - 25*k - k**2 - 3*k**3. Give w(f).
3
Let k(b) be the second derivative of -b**3/6 - b**2/2 + 13469*b + 2. Let p(x) = -x**2 + 3*x - 2. Let l be p(2). Let s = l - -1. Determine k(s).
-2
Let j(v) be the third derivative of v**4/12 - v**3/6 + 401*v**2. Give j(7).
13
Let z(q) = q + 3. Let g(i) = 20*i + 1273. Let c be g(-63). Determine z(c).
16
Let o(u) = -u**3 - u**2 + 3*u - 3. Let s = -91 + 90. Let h be (2 + (-91)/35)/(s/(-5)). Calculate o(h).
6
Let s(t) be the second derivative of t**6/720 - t**5/30 + 15*t**4/4 - 15*t + 1. Let g(y) be the third derivative of s(y). Calculate g(-11).
-15
Suppose 12*j = 3*j + 351. Let i(y) = j*y - 75*y + 9 + 34*y. Determine i(6).
-3
Let g(b) = 1086*b + 59 + 52 - 6 - 2208*b + 1104*b. Give g(6).
-3
Let b(k) = -6*k + 23. Suppose 2*r + 3*n - 37 = 0, 2*n + 8 = 2*r - 4. Let f(u) = -2*u + 9. Let h(q) = r*f(q) - 4*b(q). Give h(-8).
-9
Let z be 10/((-180)/(-117)) - 1/2. Let v(g) = g - 20. Let d(f) = -f + 17. Let k(n) = 5*d(n) + 4*v(n). What is k(z)?
-1
Let l = 13527 - 13531. Let w(g) = -g**3 - 4*g**2 + 5*g + 5. Determine w(l).
-15
Let d(p) = p + 9. Let g(y) = -y**3 + 4*y**2 - 8*y + 2. Let j be g(3). Let n be d(j). Let q(x) = x**2 + x + 2. Give q(n).
14
Suppose -17*l + 95 - 111 = -237. Let h(t) = -2*t**2 + 28*t - 9. Determine h(l).
17
Let y(n) = -3*n - 68. Let g(l) = -l**3 - 8*l**2 + 5*l + 24. Let b be g(-8). What is y(b)?
-20
Let q(k) = -k**2 + 476*k - 3. Let a be q(0). Let b(j) = -j**3 - j**2 + 21*j + 60. Calculate b(a).
15
Let a(m) = 8*m**3 + m. Let g(h) = -9*h + 50 - 13 - 14. Let u be g(-5). Let v = u + -67. Give a(v).
9
Let p(m) = -101. Let a(u) = -2*u - 277. Let n(z) = -3*a(z) + 8*p(z). Calculate n(-6).
-13
Let h(a) = a**3 + 5*a**2 - 3*a + 7. Let c(o) = 3*o**2 - o - 6. Let k be c(-3). Let q = -20 + k. Let b be (-3)/(-3)*(-1 - q). Give h(b).
22
Suppose -3*h - 33 = -36. Let d be (1 + 1 + 3)/h. Let c(j) = j. Give c(d).
5
Let m(z) be the second derivative of -1/12*z**4 + 18*z - 1/3*z**3 - z**2 + 0. Let w = -39 + 36. Determine m(w).
-5
Suppose 1533*b = -2*n + 1538*b + 46, 3*n + b = 1. Let x(i) = 1 - 6 + 4 + 2*i - 6*i**2 + i**3. Give x(n).
-22
Let y = -2605 - -2607. Let f(o) = -15*o + 27. What is f(y)?
-3
Let t(h) be the second derivative of 5/2*h**2 + 12*h + 0 - 1/6*h**3. Calculate t(5).
0
Let w(f) = 4*f + 16. Let v(t) = 17*t + 62. Let l be v(-4). Give w(l).
-8
Suppose -5*q - 5 = 0, 3*q = 2*h + 5*q + 246. Let t = -123 - h. Let p(r) = 4 + 0 - 1 - 4 + r. Determine p(t).
-2
Let k = -1368 - -1367. Let f(n) = -n. Let q(m) = -4*m + 11. Let x = 9 + -4. Let d(w) = k*q(w) + x*f(w). Calculate d(-5).
-6
Let n(z) = -454*z + 2264. Let x be n(5). Let i(w) = 8*w + 44. Determine i(x).
-4
Let o(v) = 16*v - 43. Suppose 6*l = 17 + 1. Let t be o(l). Let g(f) = -5*f + 4. Determine g(t).
-21
Let n = 13176 + -13179. Let x(k) be the first derivative of -2*k**3/3 + 3*k - 2. Give x(n).
-15
Let z(l) be the third derivative of l**5/30 - 25*l**4/24 - 7*l**3/3 + 5143*l**2. Give z(12).
-26
Let x = -32 - -39. Let w(p) be the first derivative of 10*p + 11 + 5/2*p**2 + 2*p**3 - 1/4*p**4. Give w(x).
-4
Suppose -14*d - 63 + 78 = -55. Let h(y) = 13*y - 9. Calculate h(d).
56
Let i be 6 + ((-7 - -18) + -11)/3. Let f(d) = d**3 - 5*d**2 - 4*d + 1. Calculate f(i).
13
Let t be (-104)/(-3) + 29/87. Let i(p) = -4*p**2 - 3*p + 2. Let u be i(3). Let c = t + u. Let n(y) = -y**3 - 8*y**2 + 2*y + 12. What is n(c)?
-4
Let v(s) = -28*s + 3. Let z be (-172)/301 - ((-2217)/21 + 0). Suppose -15*t + z - 75 = 0. Calculate v(t).
-53
Let q(w) = w**3 + 5*w**2 - 7*w - 10. Suppose -65*p + 364 = 39. Suppose -4*d + p*t = 14, 34 = -2*t + 30. Calculate q(d).
-4
Suppose 0 = -7*r + 3*r + 3*q + 11, 3*r + q - 5 = 0. Suppose -2*o = 3*m + 5 + 1, r = -o - m. Let z(u) = u**3 - u**2 + u + 2. What is z(o)?
2
Let w(y) = 37*y**2 + 3*y - 3. Let j(o) = o**3 + 13*o**2 - 60*o + 137. Let s be j(-17). What is w(s)?
37
Let y(o) be the third derivative of 4/3*o**3 + 23*o**2 - 3*o - 5/24*o**4 + 0. Give y(-4).
28
Suppose 0 = -8*b + 42 + 30. Let o be (((-54)/3)/b)/((-1)/(-2)). Let m(v) = -6*v**3 + 4 + 4*v**3 + 3*v**3 + 4*v**2 - 1 - v. Determine m(o).
7
Let x(a) = -6*a + 7. Let f be 83/10 + 123/(-410). Determine x(f).
-41
Let d(m) = -m + 5. Let k(t) = t - 13. Let s(a) = 4*d(a) + 3*k(a). Determine s(-9).
-10
Let z(n) = -n**3 + n**2 + n - 16. Let w = 139 + -179. Let r(x) = -x**2 - 38*x + 80. Let t be r(w). Calculate z(t).
-16
Let l = -8992 - -8987. Let m(x) be the second derivative of x**4/12 + x**3 + 5*x**2/2 + x. Give m(l).
0
Let g(n) = -3*n - 11. Let b(d) = -7*d - 24. Suppose 3*k - 5 = -2*s, -7*k - 5 = -3*k + 5*s. Let o(z) = k*g(z) - 2*b(z). Calculate o(-11).
4
Let y(n) be the first derivative of n**6/360 - n**5/12 + 3*n**4/8 + n**3 - 28*n - 32. Let r(a) be the third derivative of y(a). What is r(10)?
9
Suppose 0 = t + w - 22, w - 73 = -3*t - 15. Suppose 5*v + 5*k + 10 = 0, -5*k + 8*k + t = -5*v. Let b(a) = -4*a**2 + 4*a - 7 + 2 - a**3 - a**2. Determine b(v).
7
Let r be (-7 + (5 - -1))*-1 + 3. Let w(t) be the third derivative of 0*t - 1/24*t**r + 0 - 12*t**2 + 1/60*t**5 - 1/6*t**3. What is w(-2)?
5
Let h be (-10)/(-1)*((-57)/(-2))/(-3). Let c = h - -86. Let k(a) = -a**3 - 8*a**2 + 9*a - 2. Calculate k(c).
-2
Suppose 10 = 2*n + 3*y, -5*n + 2 + 12 = 2*y. Suppose 3*s = 2*j - 17, n*j = -5*s - 22 - 1. Let a(c) = 7*c**2 + j + c**2 - 5*c**2. Calculate a(1).
4
Let p(z) = -43*z + 19. Let f(r) = 65*r - 20. Let i(t) = 2*f(t) + 3*p(t). What is i(21)?
38
Let c = 4 + 21. Let g = -5 + c. Suppose -l + 2 = l - 5*z, -4*z + g = 2*l. Let s(i) = i**2 - 5*i - 6. Calculate s(l).
0
Suppose 3*h + 7 = 2*f, 4*f = 4*h + 923 - 927. Let p(k) = 3*k**2 - 2*k + 13. Let s(l) = 5*l**2 - 5*l + 25. Le